t is t(1)?
4
Let o(q) be the second derivative of -q**4/12 - 3*q**3/2 - 5*q**2 - 2*q. Determine o(-8).
-2
Let w(n) = -4*n**2 + n**3 - 6 + 4*n**2 + 6*n + 0*n**3 + 6*n**2. Determine w(-5).
-11
Let w(l) = 2*l + 5. Let d(a) = -a. Let y be d(7). Let j be (-2)/7 - (-26)/y. Calculate w(j).
-3
Let a(h) = 0 - h**2 - h - h + 1. Suppose x = 2*p - 9, -3*p + 2 = 2*x - 8. Let o be 2/(-8)*-2*p. Determine a(o).
-7
Suppose 0*r + 3*r - 6 = 0. Suppose 2*b - 3 = 2*p - 19, p - r*b - 13 = 0. Let s(i) = 3*i + 2 - 5*i + i**p - 4 + 2*i**2. Calculate s(-2).
2
Let t(r) = 3 + 3 - 7. Let j(k) = -k - 7. Let w(q) = j(q) - 6*t(q). Determine w(-3).
2
Let c(y) = 17 - 10 - y**2 + 5*y - 3. What is c(6)?
-2
Let c(v) = -v**2 - 14*v + 38. Let y be c(-16). Let r(x) = x**2 - 4*x + 5. Let g be r(4). Suppose y = -g*w - 9. Let z(i) = i**2 + 6*i + 1. Determine z(w).
-8
Let o(c) = 1. Let v(k) = -3*k + 5. Let m be -2 + 4 - (0 + -2). Let g(y) = m*o(y) - v(y). Give g(1).
2
Suppose -g + 5*g = 28. Let v(b) = b**2 - 6*b - 6. What is v(g)?
1
Let q(b) be the first derivative of -1/3*b**3 - 3 - 7*b - 4*b**2. Let p = 8 + -13. Calculate q(p).
8
Let s(z) = 3*z + 8. Let x(n) = -n - 2. Let t(u) = -2*s(u) - 7*x(u). Let r be (-3)/(2*1/2). Calculate t(r).
-5
Let f(o) be the first derivative of o**4/4 + 2*o**3 - 4*o**2 - 9*o - 15. Give f(-7).
-2
Let o(s) = -s**2 - 3*s + 3. Let d(g) = -g**3 + 5*g**2 - 5. Let x be d(5). What is o(x)?
-7
Let m = -34 - -29. Let b(s) = -s**2 - 5*s - 1. Determine b(m).
-1
Let v(x) = -x**2 - 10*x - 7. Let l be v(-6). Suppose 0 = -2*o - 5*f - l, -13 = 2*f - 3. Suppose 6 = 2*z - o. Let k(j) = -j**2 + 3*j + 6. What is k(z)?
-4
Let u = -5 - -7. Let g be (-2)/(-11) + 2/(-11). Let j(s) = 5*s**3 + s**u + 0 + g. Give j(-1).
-4
Let z(n) = -4*n**2 + 1 + 4*n**2 + 12*n**2 + 2*n**2 - 2*n. Determine z(1).
13
Let j(d) = -2*d + 0*d - 5 - 1. Let c be j(-6). Suppose 4*b = c + 14. Let x(y) = -y**3 + 6*y**2 - 3*y - 4. Give x(b).
6
Suppose 4*o + 5 + 31 = 0. Let n = o + 13. Let y(d) = 2*d**2 - 4*d - 4. Determine y(n).
12
Suppose 0*b = 2*b. Suppose 2 = -5*c + 2*d - 6*d, -2*c - 5*d - 11 = b. Let j(w) = -2*w**2 + 2*w + 2. Give j(c).
-2
Let w(o) = -11*o**3 + 4*o**2 + 20*o - 17. Let k(q) = -4*q**3 + q**2 + 7*q - 6. Let j(l) = -8*k(l) + 3*w(l). Let z be (-48)/(-9) - 2/6. What is j(z)?
-8
Suppose -2*f = 4*n - 22, -3*n + 5*f = -8 - 2. Let v(z) = -z**3 + 6*z**2 - 4*z - 7. Give v(n).
-2
Let v(p) = -p**2 + 1. Suppose 5*l = l. Suppose l = r - 2*r. Let s = r - 2. Give v(s).
-3
Let s(b) = -b**3 + 11*b**2 - 4*b + 4. Let c(h) = -h**3 + 10*h**2 - 4*h + 3. Let f = -17 + 12. Let g(a) = f*s(a) + 6*c(a). Calculate g(4).
-2
Suppose 4*g = 7 + 9. Suppose -3*x - 2*x = g*c + 15, -5*c = 3*x + 9. Let t(w) = -w**3 - w - 3. Give t(c).
-3
Suppose -32 = -6*y - 2*y. Let t(c) = c**2 - c. Give t(y).
12
Let c = 69 - 67. Suppose 0*m - 5 = -5*m. Let o(a) = c*a - m + 0 - 5*a. What is o(2)?
-7
Let i(w) = w**2 + w - 6. Let o be 3 + 1 - (2 - -2). Determine i(o).
-6
Let t(f) = 2*f - f + 2*f + 1 + 0*f. Calculate t(-2).
-5
Let z(u) be the third derivative of 1/6*u**3 - 1/24*u**4 + 0*u + 0 - 2*u**2. Let b be -5*3*(-4)/12. What is z(b)?
-4
Suppose -15 = -3*c - 0. Let z(d) = -c - 33*d - d**2 + 1 + 26*d + 0*d**2. What is z(-6)?
2
Let x(y) be the third derivative of -y**4/24 + y**3/3 + 2*y**2. Suppose 25 = -8*o + 3*o, 4*a + 6 = 2*o. What is x(a)?
6
Let d(l) = -l**3 - l - 1. Let w be 1/4 - (-10)/(-8). Let c be 0/(2 - (-1)/w). Let v be d(c). Let m(k) = -9*k - 1. Give m(v).
8
Let u(o) = -1 + 6*o**2 - 39*o - o**3 - 1 + 2*o**3 + 44*o. Give u(-5).
-2
Let y be (-1)/(2 - 15/6). Let b(j) = -j**2 + 6*j**2 + y - 6*j**2 - 4*j. What is b(-5)?
-3
Suppose -2*n + 2 = -4*k - 12, 3 = 4*n - 3*k. Let c(q) = -q**3 - 4*q**2 - 4*q + 1. Let l be c(n). Let d(y) = -y**2 + 7*y - 6. Give d(l).
6
Suppose 5*s = -4*x - 33, -5*s + 8 = -x + 31. Suppose 5*c + 27 = -4*z, 3*c = -5*z + 2*c - 18. Let o = s - z. Let g(n) = n**3 + n**2 + 2*n + 2. Give g(o).
-6
Suppose -5*a = -2*a + 9. Let p(f) = -5*f + 15. Let c(k) = -3*k + 8. Let u(j) = -7*c(j) + 4*p(j). Calculate u(a).
1
Suppose 5*m + m - 24 = 0. Suppose 0 = t + m*n + 9, 2*n - 5*n = -2*t + 4. Let j(g) = g**3 - g - 1. Determine j(t).
-1
Let n(d) = -d + 2. Let k(b) = -b**2 + 4*b + 12. Let t be k(6). What is n(t)?
2
Let q(s) = s**2 - 4*s + 6. Let f = -3 + 8. Determine q(f).
11
Let s be (-3 - -2)*-6 + -2. Suppose -s - 8 = -3*m. Let f(p) = -2*p + 8. Let w(d) = d + 2. Let a(g) = f(g) - 2*w(g). Calculate a(m).
-12
Let i(t) be the third derivative of -t**5/60 + 5*t**4/24 + t**3/6 + 5*t**2. Let u be 39/6 - 1/2. Determine i(u).
-5
Let a(b) be the second derivative of -1/12*b**4 - 1/6*b**3 + 0 + 0*b**2 + 2*b. Give a(1).
-2
Let f(p) = p**3 + 3*p**2 - p + 2. Suppose 3*b + 18 = -2*n + n, 24 = -3*n - 3*b. What is f(n)?
5
Let u(c) = c - 2. Let s(q) = q**3 - 12*q**2 - 12*q - 11. Let p be s(13). Calculate u(p).
0
Let k(d) be the third derivative of -d**6/12 + d**4/12 + d**3/6 + 29*d**2. Calculate k(-1).
9
Suppose -3*f + 6 = -3. Suppose f*d + 10 = 4. Let n(q) = 5*q + 1. Give n(d).
-9
Let q(k) be the third derivative of -k**6/120 - k**5/12 + k**4/4 + 4*k**3/3 + 6*k**2. Calculate q(-6).
8
Let b = 9 + -10. Let i = b - -2. Let a(t) = -t**3 + t**2 - t - 1. Let l(d) = 5*d**3 + 3*d**2 - 4*d - 4. Let u(x) = 4*a(x) - l(x). Calculate u(i).
-8
Let p(w) = 0*w + w - 4*w - 4*w. Let q = -2 - -1. Calculate p(q).
7
Let h(b) = 4*b**3 + 8*b**2 - 2*b - 4. Let m(x) = x**3 + x**2 - x - 1. Let s(u) = -h(u) + 5*m(u). What is s(4)?
3
Let m(l) = -l. Let j(q) = 2*q**3 + q**2 - q. Let v(w) = j(w) + m(w). Give v(-2).
-8
Let d(k) = -k**3 - 10*k**2 + k + 7. Let a(q) = -2*q**3 - 19*q**2 + 2*q + 13. Let c(w) = -6*a(w) + 11*d(w). Let b be ((-5)/10)/((-2)/(-8)). Calculate c(b).
9
Let r(x) = 4*x + 2 + 3 - 8 + x**2. Let z = -17 + 22. Suppose z*h = 3*h - 8. Give r(h).
-3
Let d be 35/(-45) - (-6)/(-27). Let s(m) = -6*m**3 - m**2 + m + 1. Calculate s(d).
5
Let c(r) = 4*r - 1. Suppose -17*q + 15 + 19 = 0. What is c(q)?
7
Let i(w) = -w**3 - 8*w**2 + 9*w + 2. Let d be i(-9). Suppose 1 = n - 2, 2*j - n = 7. Let t(p) = p**3 + 5*p + 1 + 4*p + 3 + j*p**d - 3*p. Determine t(-4).
-4
Let m(k) = k**3 - 5*k**2 - 5*k - 2. Let t be 11/2 + 1/2. Let d(h) = t*h + h - 2 - h**2 - h. Let j be d(4). Determine m(j).
4
Let y = 33 - 28. Let o(a) = -4*a. Give o(y).
-20
Let z(l) = l**2 - l + 1. Let b(a) = 4*a**2 - 10*a + 2. Let m(y) = b(y) - 5*z(y). Determine m(-2).
3
Let h(g) = -g**3 - 2*g**2 - 3. Let z = 8 + -11. Give h(z).
6
Let d be (-4 - (-56)/20)/((-2)/(-10)). Let p(a) be the second derivative of -a**4/12 - a**3 - 5*a**2/2 + a. Calculate p(d).
-5
Let t be (2 - 1) + 2/(-2). Let a be 0/(-8)*2/(-4). Suppose 5*j - h + 6 = a, j + 3*h - 2 = -t. Let q(b) = 2*b**3 + 2*b + 1. Calculate q(j).
-3
Suppose 0 = 2*w - 3 - 1. Let h(u) = u**3 - u**2 + 2*u - 3. Give h(w).
5
Let x(g) = -g + 11. Let u(q) = q - 12. Let l(d) = -5*u(d) - 6*x(d). What is l(0)?
-6
Let y(p) = 20 + p**2 + 3*p**2 - p**3 - 13 - 9. Let x be (0/(0 + 2))/(-2). Suppose x = -2*b + 8. Give y(b).
-2
Let x(l) = l**3 + l**2 + 1. Suppose 0 = a + 2*a - 6. Let b(o) = o + 0*o + 0*o - 2. Let u be b(a). Give x(u).
1
Let k = -3 + 13. Let v = k + -4. Let j(m) = -4 - m**3 - v*m - 6*m**2 + 4. What is j(-4)?
-8
Let x(g) be the second derivative of -7*g**4/12 - g**2/2 + 4*g. What is x(-1)?
-8
Let l = -1 + 4. Let t(a) = -3*a**2 - a**l - 3 + a + 0*a + 2*a**3. Let c be (-2)/8 - (-26)/8. Calculate t(c).
0
Let z(m) = 14*m + 20. Let v(n) = 5*n + 7. Let d = 6 + 0. Let f(c) = d*z(c) - 17*v(c). Let a(x) = -x**3 + 2*x - 1. Let r be a(2). Calculate f(r).
6
Let l(v) = -30 + 12 + 2*v + 17. Give l(4).
7
Let c(r) = -2*r - 11*r + r + 1 + 4*r. Calculate c(-1).
9
Suppose -6 - 12 = 6*a. Let x(q) = 3*q - 4. Calculate x(a).
-13
Let n be (-2)/5 + (-2)/(-5). Let m(k) = -2*k + 5*k - 4*k. Determine m(n).
0
Let q(u) be the first derivative of 7*u**2/2 - 2*u - 2. Let f(l) = l**3 - 7*l**2 - 7. Let a be f(7). Let c(s) = 10*s - 3. Let i(t) = a*q(t) + 5*c(t). Give i(2).
1
Let j(p) be the second derivative of p**3/6 - 3*p**2 + 5*p - 6. Calculate j(6).
0
Let x be (1/(-2))/(2/12). Let k(s) be the second derivative of -s**5/20 - s**4/6 + s**3/2 + 3*s**2/2 + 10*s. What is k(x)?
3
Let m(p) = 1. Let u(d) = -d + 11. Let g(y) = -6*m(y) + u(y). Give g(5).
0
Let q(k) = -13*k + 2. Let z(i) = 7*i - 1. Let y(x) = -6*q(x